- 10)).
12
Calculate -57 + (-7 - (-16 + 19 - 25)).
-42
67 + -44 + -8 + 3
18
Evaluate (-359 - (108 + -214)) + 135.
-118
What is the value of -123 + (93 - (179 - 121))?
-88
Calculate -23 + 102 + -117 + (41 - 9).
-6
Evaluate -77 - (-1 + 14 - (-509 + 524)) - 11.
-86
What is (46 - (84 + -54)) + -74?
-58
(3 - 0 - (-12 + 30 - 18)) + 71 + -116
-42
Calculate (1846 - 1847) + (1 - 35).
-35
Calculate (21 + -27 + (-3 - -1) + 1 - -9) + 10.
12
What is the value of 0 + 14 + -10 + -41 + -36 + 22?
-51
What is 0 - 0 - (-69 + 32 - (-41 - -8)) - -12?
16
What is 1 - -25 - (-8 - -13 - (-10 + -2 + 4))?
13
11 - (1 + -7) - (-110 + 159)
-32
What is the value of (8 - (24 + (-11 - -21))) + -13?
-39
Evaluate -22 + -1 + (48 - -11) - 22.
14
Calculate 4 - (-184 + 191 - (-13 - -3)).
-13
Calculate 28 - (-59 + (104 - 3)).
-14
What is -204 + 218 + -36 + -38?
-60
-6 + (-4 - (19 - 42 - -6))
7
What is the value of (9 + (-1 - 3) - 1 - 0 - -60) + -7?
57
What is -14 - ((2 - 12 - -1) + 5)?
-10
106 + -47 + -19 + -2
38
What is the value of 32 - (0 + -1) - (37 - 152 - -127)?
21
Evaluate 120 + (-63 - 115) - (-24 - -1).
-35
What is the value of -48 + 44 + 96 - 35?
57
38 + 115 + -200 + -42
-89
0 + -101 + 71 + (10 + 51 - 119)
-88
Evaluate -17 + -11 - 20 - (-19 + -3).
-26
Calculate 60 - (144 + -5 + -36).
-43
Calculate 3 + (0 - 64) + (-11 - (-90 + 67)).
-49
Evaluate 104 + -111 + 15 + -1 - ((-3 - -101) + -6).
-85
Evaluate 104 - -7 - (113 + -36 + -40).
74
Calculate (-15 - -1) + 1 - (231 - (202 + 30)).
-12
Calculate (-27 - -95) + (-39 - -5).
34
Evaluate 22 - (39 + 9 - 70).
44
Calculate -2 + -146 + -137 + 216.
-69
Calculate (0 + 2 - 25) + (-4802 - -4878).
53
56 - (67 - 4) - (1 - (5 - 3 - -1))
-5
-72 - 13 - (-47 + 29) - (-2 - -11 - -2)
-78
73 + -52 + (6 - 12 - -31)
46
Calculate -34 - (4 + 7 + -16 + 10 + -17).
-22
What is the value of -37 - (-2 + -1 - (-57 - -65 - 3))?
-29
What is 12 - ((38 - (15 + -9)) + 1 + 11 + 0)?
-32
What is the value of (-97 + -12 + -12 - 10 - -8 - 4) + 3?
-124
What is the value of -13 + -4 + (5 - 33) + 20 + (-2 - -10)?
-17
Calculate -1 + -4 + -77 + (-109 - -171) + -69.
-89
What is 15 - ((-2027 - -2129) + 1 + -29)?
-59
Evaluate (-34 - (7 + 11 + -50)) + 18 + (-1 - 0).
15
-68 - (10 - 11) - (16 - (27 - -3))
-53
Calculate -25 - (1 + 11 + -247 + 257).
-47
What is (-12 + (-2 - -12) - (5 + -4 - 16)) + -10?
3
What is the value of 6 + (2 - 1) + (-585 - -576) + (-42 - -5)?
-39
Evaluate 36 + -64 + 9 + -22 - (1 + 6).
-48
Evaluate (2 - -19) + (4 - 9) + 39 - -2.
57
Evaluate 67 - 0 - (3 + -4) - ((-310 - -190) + 125).
63
What is 33 + -99 + 56 + 4 + 0?
-6
Calculate -35 + (0 - 2) + 1898 + -1866 + (-27 - -1).
-31
What is 0 + -35 - (-87 + 293 + -174)?
-67
12 + -2 + 1 - ((17 - (8 - -2)) + -9)
13
What is the value of (43 - (-16 - 18)) + -12 - (2 - 3 - -4)?
62
What is (-2 + 1 - 9) + (-57 - -70 - -14)?
17
(0 - 26) + 98 + -252 + 108
-72
What is -17872 - -17868 - (-1 - (1 - 1))?
-3
Calculate 20 + -1 + 14 + 19 + -43 + 4.
13
Calculate 201 + -124 + (-49 - 8).
20
Evaluate 17 + 100 - (733 - 668).
52
(20 - 7) + 7 + (172 - 139)
53
69 + 14 - 34 - (1 - 34)
82
What is the value of 40 + -36 - 10 - ((-1 - -3) + 0 - 63)?
55
What is the value of (-7 - 0 - 16) + 6 - (34 + -33)?
-18
Calculate (-1 - 0) + 17 + 329 + -647 + 268.
-34
(150 - 110) + (-4 - (3 - 4))
37
What is the value of 0 + -5 + (-109 - -104) - 24?
-34
What is the value of -508 + 517 + (-113 - (5 + -7 + 4) - 0)?
-106
-228 + 212 - (-1 - (6 - 18))
-27
2 + -3 + -34 - (144 - 68 - 76)
-35
Evaluate (73 + (-53 - 15) - ((2 - 4) + -6)) + -30.
-17
Evaluate 27 - ((-192 - -110) + 10).
99
What is the value of -29 + -4 + -194 + 43 + 152?
-32
What is the value of 94 - 282 - -163 - (0 - (0 + -1))?
-26
-8 + (-4 - (-10 - 19)) + (5 - 2)
20
What is 152 + 11 + -10 + -1 - (28 + 32 + -66)?
158
What is the value of 3 + -43 - 90 - -238?
108
What is the value of -1 + (3 - 0) - (22 - (25 + -32) - 89)?
62
Evaluate 77 + -170 - (-3 - (18 - 13)).
-85
What is the value of (-27471 - -27544) + (3 + (-3 - -3) - 22)?
54
What is -159 + 336 + -185 - (0 + -28)?
20
Evaluate -1 - (0 - (-2 + 39)).
36
What is (-34 - -145) + -84 + 36?
63
What is -112 + -1 + 0 - (181 + (190 - 361))?
-123
Evaluate 52 + -51 + (-72 - (8 - (-7 - -23))).
-63
172 - 102 - (26 - 6) - 37
13
Calculate 0 + (1 - 8 - (-10 + 3)) + 92 + -98.
-6
What is -1 + 6 + 63 + (-70 - -36) + 20?
54
What is -2 - (-122 + 34) - 51?
35
What is the value of (-6 - (-186 - -64)) + -65?
51
9 - (16 + 0 + 10) - (-7 + (30 - 14))
-26
Evaluate 1 + 76 - ((-16 - -10) + (9 - (-14 - -9))).
69
-4 - -2 - (1584 - 1652)
66
Evaluate -14 - ((-18 - -24) + 1 - -28).
-49
-20 - (26 + -68) - (2 + -69)
89
Evaluate ((-7 - (2 + -4)) + -9 - -38) + -1.
23
What is the value of 6 - (-17 + 32 + (8 + -44 - 2))?
29
What is 60 - (-89 - (-145 - -2))?
6
What is 57 + -66 - (-16 - -16 - 3)?
-6
Evaluate 40 - (3 - (-8 + 10)) - (153 - 163).
49
Evaluate 21 + (-10 - (14 + 25)).
-28
What is -7 + (13 - (46 - 14)) + 16 + 13?
3
What is 38 - -5 - (-19 - (30 - 20))?
72
What is -4 + (112 - 63 - 40)?
5
Evaluate (13 - 35) + (17 - 2) + 101 + -4 + 14.
104
Calculate 4314 + -4274 - ((2 - -39) + 1).
-2
What is 81 + (-47 + 95 - 79)?
50
Calculate 34 + (0 + 4 - (4 + 8 - 20)).
46
(40 + -16 - (-22 + 28 - 16)) + (-10 - -1)
25
-5 - -1 - (-17 + 27 - (3 - (12 + -86)))
63
What is the value of 14 - -31 - (14 + (-22 - -15))?
38
Evaluate (-1 - -12 - (-9 + (-18 - 0))) + 5.
43
What is the value of 3 + (8 - (72 - 44)) + 17?
0
What is (-42 - -28) + -134 + 128?
-20
-428 - -400 - (1 + -1 + 19)
-47
What is the value of (1 - -10) + (1245 - 1210) - (-16 + 1)?
61
-7 + -1 - (53 + 44 + 45 + -70)
-80
Evaluate -19 - (-41 + (44 - -2)).
-24
Evaluate (0 - 2) + 133 + -128 - -13 - 29.
-13
(1 - -27 - (36 + -29 - 9)) + (10 - 1)
39
What is the value of 35 + -59 + 24 + -37 + -5?
-42
8 + (39 - 8) + (1 - 0 - 4 - 9)
27
Evaluate 10 - (31 + -2 + -15 - -93).
-97
What is -60 - (-6 + -1 - (3 + 25 - 33))?
-58
What is -36 + 0 - (-250 + 227)?
-13
2 - 34 - (175 - 247)
40
Evaluate 31 - -12 - 13 - (-11 + 0 + -2 + 4).
39
What is the value of 24 + (-1 - 1) - (1118 - 1109) - -23?
36
Evaluate 2 + (80 + 16 - 49).
49
Calculate (-25 - -2) + (-1485 - -1529).
21
1 + -11 + (2 - -25) + 492 + -520
-11
Evaluate 10 + 6 + -26 + 43.
33
What is the value of -16 + (-2 + -3 - -7 - (-1 + (0 - -3)))?
-16
What is (4 + -6 + 12 - 12) + (-1 - 2) - 53?
-58
What is the value of (17 - 1) + 27 - 10?
33
Calculate -13 + 29 + -2 - 85.
-71
Evaluate -33 + (-62 - -77) + -48.
-66
(-8 - (-22 + -4)) + (-2 - (-22 - -4))
34
21 - (-16 - (-7 + 39 + -35))
34
-81 + (-2 - -1) - ((64 - 22) + -48)
-76
What is the value of -8 + (-6 - 1 - -13) + -11 + -18?
-31
What is the value of (-18 - (-6 + 1)) + (-49 - (-27 + 8))?
-43
Evaluate -80 + 9 + 4 + (-6 - (-1 - -7)).
-79
Evaluate 22 + (-15 - 4 - 14) - (-3 + 50).
-58
Evaluate -4 + 79 + -22 + 12 + 22 + 2 + -1.
88
Calculate 74 - 166 - -128 - 87.
-51
Calculate -53 + 13 + -34 + 37.
-37
What is the value of 8 + -8 - (-6 + -13 - 5)?
24
-22 + (-11 - (-11 - -27)) + 0
-49
(4 - (28 - (-1 + 12))) + 80
67
(-31 - (-49 - -20)) + (-7 - -14) + -5
0
What is the value of (1 + 15 - 8) + (-27 - (-11 + 8))?
-16
What is the value of -4 + 0 - (-43 - -69) - (-2 - -3) - 6?
-37
1854 + -1845 - (-3 - (-18 - 0))
-6
Calculate (3 - 1) + 1 - 1 - (-740 + 776).
-34
What is the value of (75 - 53) + -18 + -1 + -88?
-85
Evaluate -347 + 352 - (1 - 37).
41
Calculate 8 + (0 + 0 + -131 + 119 - -11).
7
Calculate (15 - (-8 + 17)) + 13 - 47.
-28
What is (10 + -1 + 11 - -6 - (6 + 3)) + 0?
17
Evaluate -1 + 28 + -21 + -12 + -7.
-13
-153 + -68 + 43 + 138
-40
Calculate -114 - (-46 - 3) - -37.
-28
Calculate (-101 - (4 + -52) - 9) + (-1 - 7).
-70
What is 14 + -7 + 18 - (33 - -56)?
-64
Evaluate 6 + -19 + 4 + -1 + (56 - 1).
45
What is the value of -86 + 65 + 51 + -7 + -6?
17
Evaluate -8 - (3 + -4) - (3 - 2 - (49 + -23)).
18
Calculate 79 + -139 + 173 + -23.
90
What is 3 + -18 + 5 + (8 - 4) + (10 - 52)?
-48
What is the value of (-102 - (43 + -132)) + (61 - -1)?
49
Calculate (-6 - -16) + -9 + -15 + 30.
16
Calculate 9 - -41 - (-55 + 16 + 29 + 22).
38
Evaluate 119 + -64 + (8 + -10 + 1 - 21).
33
5 + 18 + (-6 - 0) + -22 + 18 + -66
-53
Calculate ((-80 - 9) + 2 - (-68 - -51)) + 4.
-66
What is 48 + -1 + -51 + 46 - (-1 - 0 - -3)?
40
What is 19 - 1 - (4 - 2) - (8284 - 8238)?
-30
(-11 - -13 - -6) + (-28 - (37 - 55))
-2